 54230245?
False
Is 3 a factor of 3193518?
True
Does 5 divide 8757929?
False
Does 29 divide 551807331?
True
Does 29 divide 21403653?
True
Does 168 divide 191006256?
True
Does 13 divide 38566838?
False
Does 9 divide 3183838911?
True
Does 202 divide 5104876?
False
Is 20075934 a multiple of 267?
False
Does 2 divide 320829?
False
Is 32 a factor of 1867945920?
True
Does 17 divide 23735145?
True
Is 15 a factor of 107512366?
False
Is 244779606 a multiple of 53?
False
Is 99 a factor of 9577685?
False
Is 13 a factor of 197386837?
False
Is 35 a factor of 224450659?
False
Does 1123 divide 83152223?
False
Is 19 a factor of 230814413?
True
Does 458 divide 112607544?
True
Is 15228675 a multiple of 135?
True
Is 18347340 a multiple of 60?
True
Is 42071284 a multiple of 1182?
False
Is 15 a factor of 96908700?
True
Does 393 divide 1449247629?
True
Is 357284232 a multiple of 813?
True
Does 162 divide 103210049?
False
Does 124 divide 252298679?
False
Does 145 divide 1346039350?
True
Is 3264877142 a multiple of 41?
False
Does 6 divide 31325598?
True
Does 909 divide 78775521?
False
Is 17510988 a multiple of 636?
True
Is 7 a factor of 16533208?
False
Does 9 divide 4143091729?
False
Is 14585832 a multiple of 216?
True
Is 2653492580 a multiple of 905?
True
Is 151 a factor of 19496365?
True
Is 5799 a factor of 215803986?
True
Is 1187394742 a multiple of 262?
True
Does 3 divide 93147698?
False
Is 648 a factor of 875731824?
True
Is 43866019 a multiple of 47?
False
Does 1342 divide 2111706784?
True
Does 84 divide 3314771628?
True
Is 14743410 a multiple of 26?
False
Does 677 divide 142158491?
True
Does 159 divide 282199353?
False
Is 5529644 a multiple of 3?
False
Is 48715563 a multiple of 1653?
True
Is 145698226 a multiple of 290?
False
Does 152 divide 739899520?
True
Does 11 divide 1143242805?
False
Does 145 divide 11405265?
True
Does 33 divide 212171784?
True
Is 8025 a factor of 289838925?
True
Is 16538872 a multiple of 196?
True
Is 42 a factor of 5393514?
True
Is 2541811213 a multiple of 2943?
False
Is 258518205 a multiple of 8?
False
Is 89968682 a multiple of 37?
True
Is 365 a factor of 117386920?
True
Is 12085732 a multiple of 27?
False
Is 283 a factor of 41920790?
True
Does 48 divide 66587952?
True
Does 2145 divide 133485495?
True
Is 85 a factor of 519912599?
False
Is 14 a factor of 110017600?
True
Is 13074 a factor of 4802289384?
True
Does 2637 divide 22736214?
True
Is 15466464 a multiple of 216?
True
Is 21549936 a multiple of 948?
True
Is 72568694 a multiple of 612?
False
Does 383 divide 43927036?
True
Is 1639009148 a multiple of 14?
True
Does 4995 divide 2044537550?
False
Is 541 a factor of 23689308?
True
Does 64 divide 1295226934?
False
Is 334 a factor of 3059355836?
False
Is 74038511 a multiple of 21?
False
Does 1662 divide 179328138?
True
Does 775 divide 63713602?
False
Does 80 divide 337355280?
True
Is 17 a factor of 46634842?
True
Is 158002344 a multiple of 1128?
True
Is 263 a factor of 605114345?
True
Does 18 divide 90989395?
False
Does 403 divide 663572546?
True
Does 25 divide 39732000?
True
Does 359 divide 187995376?
True
Is 23985751 a multiple of 89?
False
Is 200873899 a multiple of 4?
False
Is 848006 a multiple of 7?
False
Is 12 a factor of 74621964?
True
Is 13 a factor of 5696771566?
False
Is 18402088 a multiple of 22?
False
Is 1690904309 a multiple of 10?
False
Is 1129110418 a multiple of 58?
True
Does 168 divide 34269816?
True
Is 56 a factor of 297187912?
True
Does 31 divide 1595364089?
False
Does 15 divide 7929373511?
False
Does 184 divide 2357776?
True
Does 1153 divide 72252745?
True
Does 41 divide 407651643?
True
Is 57779511 a multiple of 550?
False
Is 989158152 a multiple of 63?
False
Is 1935898372 a multiple of 173?
True
Is 2161 a factor of 39122744?
True
Does 13 divide 60237759?
False
Is 134156265 a multiple of 1887?
True
Is 1600 a factor of 372336000?
True
Does 29 divide 41361339?
False
Does 291 divide 56117022?
True
Is 3142 a factor of 130013296?
False
Is 13456444 a multiple of 787?
False
Does 119 divide 72963898?
True
Is 3149 a factor of 1594253677?
True
Is 457 a factor of 6496290?
False
Is 184579996 a multiple of 4?
True
Does 6633 divide 635072276?
False
Does 591 divide 19367669?
False
Does 17 divide 6654063?
False
Is 18833605 a multiple of 5?
True
Does 11 divide 7297004?
True
Is 35 a factor of 52414921?
False
Is 123 a factor of 794779294?
False
Does 1907 divide 246682135?
False
Is 365 a factor of 31384741?
False
Does 5537 divide 399029442?
True
Does 104 divide 11920064?
True
Is 37741100 a multiple of 10?
True
Is 3481 a factor of 942404168?
True
Does 94 divide 94582612?
True
Does 2370 divide 31262670?
True
Is 8 a factor of 82713544?
True
Does 488 divide 615631168?
False
Is 48030444 a multiple of 3?
True
Is 5 a factor of 2802397?
False
Is 14026949 a multiple of 5?
False
Is 142 a factor of 28959906?
True
Is 1838 a factor of 95479612?
False
Does 55 divide 69105650?
False
Is 1894065504 a multiple of 28?
False
Does 975 divide 19339422?
False
Is 6933291 a multiple of 2?
False
Is 1549336 even?
True
Is 13 a factor of 25306350?
False
Is 2535 a factor of 15397590?
True
Is 110 a factor of 4152753550?
True
Is 32142672 a multiple of 48?
True
Does 4 divide 15752768?
True
Is 8 a factor of 20346677?
False
Is 554 a factor of 258198162?
False
Is 14154840 a multiple of 82?
True
Does 980 divide 148501782?
False
Does 2592 divide 144319968?
True
Is 2036 a factor of 105052144?
False
Is 36894724 a multiple of 284?
True
Is 188 a factor of 1943442?
False
Is 315 a factor of 11206884?
False
Is 6 a factor of 3155736?
True
Does 25 divide 6058683128?
False
Does 488 divide 288804256?
True
Is 3919 a factor of 54005908?
False
Does 207 divide 326193746?
False
Is 28018518 a multiple of 11?
True
Is 45 a factor of 24443288?
False
Is 964315 a multiple of 8?
False
Is 6457263 a multiple of 298?
False
Is 247544916 a multiple of 14?
False
Is 70 a factor of 2454550?
True
Does 25 divide 5858275?
True
Does 3672 divide 1016310456?
True
Is 379855808 a multiple of 166?
True
Is 38369624 a multiple of 4?
True
Is 1313947806 a multiple of 6?
True
Is 159 a factor of 328550179?
False
Is 40 a factor of 83300560?
True
Is 5901 a factor of 58207464?
True
Is 26 a factor of 187686417?
False
Does 127 divide 94755584?
False
Is 2275811336 a multiple of 76?
True
Does 1210 divide 832778008?
False
Is 34 a factor of 1555229292?
True
Is 1985 a factor of 69040285?
True
Is 11 a factor of 287467554?
True
Does 7 divide 1576988?
True
Is 8 a factor of 4712520?
True
Is 30274960 a multiple of 788?
True
Is 46 a factor of 38379772?
False
Is 436394976 a multiple of 244?
True
Is 4128 a factor of 179786784?
True
Does 6 divide 65640356?
False
Is 1882 a factor of 23143729?
False
Does 1972 divide 9118480?
False
Does 562 divide 192571763?
False
Is 67694314 a multiple of 280?
False
Does 10 divide 15030787?
False
Does 589 divide 160053682?
True
Does 1277 divide 32003640?
False
Is 651276882 a multiple of 738?
True
Is 294 a factor of 279591942?
True
Is 57 a factor of 338874519?
True
Does 189 divide 1408022510?
False
Does 75 divide 347780025?
True
Does 18 divide 357301674?
True
Is 2284443280 a multiple of 1897?
True
Is 508399431 a multiple of 7?
False
Is 1361846046 a multiple of 160?
False
Does 9 divide 63124092?
True
Is 628630214 a multiple of 111?
False
Is 107632697 a multiple of 30?
False
Is 1040711328 a multiple of 5318?
True
Is 148 a factor of 49176311?
False
Is 2264939 a multiple of 449?
False
Is 5321 a factor of 760104850?
True
Is 129 a factor of 531901447?
False
Is 282255022 a multiple of 7?
True
Does 208 divide 4930656016?
True
Does 3 divide 29923428?
True
Does 3 divide 50844440?
False
Does 13 divide 7987005?
True
Is 42 a factor of 177415266?
True
Is 31 a factor of 19662716?
False
Does 1177 divide 1686583327?
True
Is 14344213 a multiple of 4?
False
Is 1948863983 a multiple of 1111?
True
Is 11 a factor of 1126852387?
False
Is 16 a factor of 31822307?
False
Is 28 a factor of 30074927?
False
Is 365081895 a multiple of 3903?
False
Is 119522256 a multiple of 8?
True
Is 140 a factor of 167243836?
False
Does 2183 divide 98547960?
False
Is 51562279 a multiple of 2309?
True
Is 93 a factor of 156034979?
False
Does 691 divide 87244278?
True
Is 6 a factor of 7470690?
True
Is 50392188 a multiple of 53?
True
Does 27 divide 2667655